{"id":153,"date":"2025-01-14T21:17:00","date_gmt":"2025-01-14T20:17:00","guid":{"rendered":"https:\/\/www.balance-tennis.fr\/?page_id=153"},"modified":"2025-01-14T21:17:06","modified_gmt":"2025-01-14T20:17:06","slug":"le-terrain","status":"publish","type":"page","link":"https:\/\/www.balance-tennis.fr\/?page_id=153","title":{"rendered":"Le terrain"},"content":{"rendered":"","protected":false},"excerpt":{"rendered":"","protected":false},"author":1,"featured_media":0,"parent":0,"menu_order":0,"comment_status":"closed","ping_status":"closed","template":"","meta":{"_et_pb_use_builder":"","_et_pb_old_content":"","_et_gb_content_width":"","_mo_disable_npp":"","footnotes":""},"class_list":["post-153","page","type-page","status-publish","hentry"],"jetpack_sharing_enabled":true,"jetpack-related-posts":[{"id":2606,"url":"https:\/\/www.balance-tennis.fr\/?page_id=2606","url_meta":{"origin":153,"position":0},"title":"[et_pb_section fb_built=\"1\" theme_builder_area=\"post_content\" _builder_version=\"4.24.0\" _module_preset=\"default\"][et_pb_row\u2026","author":"admin2921","date":"13 April 2026","format":false,"excerpt":"\u00a0 Tu m\u00e8nes 5\/2\u2026 et tu perds quand m\u00eame ? Tu joues bien\u2026 puis tout s'\u00e9croule. Ton service l\u00e2che, tu retiens tes coups, tu joues pour ne pas rater. R\u00e9server une session Ce\u2026","rel":"","context":"Similar post","block_context":{"text":"Similar post","link":""},"img":{"alt_text":"","src":"","width":0,"height":0},"classes":[]}],"_links":{"self":[{"href":"https:\/\/www.balance-tennis.fr\/index.php?rest_route=\/wp\/v2\/pages\/153","targetHints":{"allow":["GET"]}}],"collection":[{"href":"https:\/\/www.balance-tennis.fr\/index.php?rest_route=\/wp\/v2\/pages"}],"about":[{"href":"https:\/\/www.balance-tennis.fr\/index.php?rest_route=\/wp\/v2\/types\/page"}],"author":[{"embeddable":true,"href":"https:\/\/www.balance-tennis.fr\/index.php?rest_route=\/wp\/v2\/users\/1"}],"replies":[{"embeddable":true,"href":"https:\/\/www.balance-tennis.fr\/index.php?rest_route=%2Fwp%2Fv2%2Fcomments&post=153"}],"version-history":[{"count":1,"href":"https:\/\/www.balance-tennis.fr\/index.php?rest_route=\/wp\/v2\/pages\/153\/revisions"}],"predecessor-version":[{"id":154,"href":"https:\/\/www.balance-tennis.fr\/index.php?rest_route=\/wp\/v2\/pages\/153\/revisions\/154"}],"wp:attachment":[{"href":"https:\/\/www.balance-tennis.fr\/index.php?rest_route=%2Fwp%2Fv2%2Fmedia&parent=153"}],"curies":[{"name":"wp","href":"https:\/\/api.w.org\/{rel}","templated":true}]}}